 common factor of 3370 and 4670.
10
What is the greatest common divisor of 3621 and 6358?
17
Calculate the greatest common divisor of 51740 and 169.
13
What is the highest common divisor of 72158 and 18536?
662
Calculate the highest common divisor of 642 and 122194.
214
What is the greatest common divisor of 1463 and 7277?
19
What is the greatest common divisor of 7375 and 2655?
295
What is the highest common divisor of 4720221 and 27?
27
What is the greatest common factor of 162 and 8274?
6
What is the highest common divisor of 233 and 24232?
233
Calculate the highest common factor of 6325 and 2645.
115
What is the highest common factor of 3075 and 1681?
41
Calculate the greatest common factor of 15163 and 3009.
59
Calculate the highest common factor of 18 and 10161.
9
What is the greatest common divisor of 35916 and 2?
2
Calculate the greatest common factor of 4675 and 118415.
55
Calculate the highest common factor of 40 and 2960.
40
What is the greatest common factor of 3757 and 949?
13
Calculate the greatest common divisor of 36 and 337836.
12
Calculate the highest common divisor of 19 and 8936.
1
What is the greatest common factor of 246986 and 2?
2
What is the highest common factor of 6240 and 31902?
78
What is the greatest common factor of 3587 and 67309?
211
What is the greatest common factor of 103581 and 612?
153
What is the greatest common divisor of 462259 and 7?
7
What is the highest common divisor of 93 and 336009?
93
Calculate the highest common divisor of 1141 and 12663.
7
Calculate the greatest common divisor of 73 and 332953.
73
What is the highest common divisor of 249 and 23523?
3
Calculate the highest common factor of 4 and 12595.
1
What is the greatest common divisor of 28 and 244958?
14
What is the greatest common divisor of 1208 and 285390?
302
Calculate the highest common divisor of 157768 and 25051.
533
Calculate the greatest common divisor of 674 and 1270153.
337
Calculate the greatest common factor of 20069 and 235.
47
What is the greatest common factor of 2780 and 140?
20
Calculate the greatest common factor of 22873 and 445.
89
What is the greatest common divisor of 11664 and 180?
36
Calculate the highest common divisor of 1000 and 250200.
200
What is the highest common factor of 18171 and 63?
9
What is the highest common factor of 4784 and 414?
46
What is the greatest common divisor of 13 and 51181?
13
Calculate the greatest common factor of 243 and 439101.
243
Calculate the highest common factor of 64335 and 105.
15
Calculate the greatest common divisor of 10 and 1936.
2
Calculate the highest common divisor of 390 and 845.
65
Calculate the greatest common factor of 836 and 748.
44
What is the greatest common factor of 1242 and 2231?
23
What is the highest common factor of 270 and 550395?
135
Calculate the greatest common divisor of 312 and 152568.
312
Calculate the greatest common divisor of 26 and 228930.
26
Calculate the highest common divisor of 775 and 4250.
25
What is the greatest common factor of 8534 and 3502?
34
Calculate the highest common divisor of 34 and 362.
2
Calculate the highest common divisor of 17526 and 4002.
138
What is the greatest common divisor of 1649774 and 7?
7
Calculate the highest common factor of 652 and 7.
1
Calculate the greatest common factor of 117 and 7362.
9
Calculate the highest common divisor of 40 and 40010.
10
Calculate the greatest common factor of 67298 and 4378.
22
Calculate the highest common factor of 182904 and 24.
24
What is the greatest common factor of 1421775 and 675?
225
Calculate the highest common divisor of 1451880 and 720.
360
Calculate the greatest common factor of 18 and 17106.
6
What is the highest common factor of 8816 and 112752?
464
What is the highest common factor of 3168 and 1089?
99
What is the highest common factor of 49 and 266077?
7
What is the greatest common divisor of 140336 and 2884?
28
Calculate the greatest common divisor of 340 and 740.
20
Calculate the highest common divisor of 2373818 and 82.
82
What is the greatest common divisor of 9353 and 1269?
47
Calculate the highest common divisor of 4555 and 15.
5
What is the highest common factor of 98788 and 36?
4
What is the highest common factor of 57978 and 54?
18
What is the highest common divisor of 1175356 and 1092?
364
Calculate the highest common factor of 87024 and 2856.
168
What is the greatest common divisor of 2528 and 657122?
158
What is the highest common factor of 9 and 51774?
3
What is the greatest common factor of 8196 and 6?
6
What is the greatest common factor of 42 and 155274?
42
What is the greatest common factor of 28917 and 1428?
357
Calculate the highest common divisor of 23533 and 14679.
233
Calculate the highest common divisor of 10263 and 3300.
33
Calculate the highest common factor of 1863 and 13248.
207
What is the greatest common divisor of 100 and 116150?
50
Calculate the highest common factor of 53 and 370523.
53
Calculate the highest common divisor of 2970454 and 2.
2
What is the greatest common divisor of 366170 and 20?
10
What is the greatest common factor of 158767 and 666?
37
What is the highest common divisor of 171 and 35796?
57
What is the greatest common factor of 24 and 36228?
12
What is the greatest common factor of 22 and 82918?
22
Calculate the highest common factor of 1669143 and 183.
183
Calculate the greatest common divisor of 107922 and 6.
6
What is the greatest common factor of 37392 and 15504?
912
Calculate the greatest common factor of 3570 and 20553.
51
What is the highest common divisor of 277590 and 300?
30
What is the greatest common divisor of 12 and 77736?
12
What is the greatest common factor of 238 and 1009120?
238
What is the highest common factor of 63 and 3815?
7
What is the greatest common divisor of 1193 and 1239527?
1193
What is the greatest common factor of 189095 and 59?
59
Calculate the greatest common divisor of 83664 and 2376.
72
Calculate the highest common factor of 2441124 and 63.
63
What is the greatest common divisor of 424 and 241256?
424
Calculate the highest common factor of 128 and 176424.
8
What is the greatest common divisor of 17510 and 2500?
10
What is the highest common factor of 117316 and 12660?
844
Calculate the greatest common divisor of 46696 and 96086.
898
What is the greatest common factor of 130721 and 333?
37
What is the greatest common factor of 107124 and 1264?
316
What is the greatest common divisor of 675 and 36180?
135
Calculate the greatest common factor of 627850 and 29.
29
What is the highest common divisor of 1970 and 4090?
10
Calculate the greatest common divisor of 3770 and 168896.
754
What is the greatest common divisor of 296 and 3656?
8
Calculate the highest common divisor of 42669 and 2155.
431
What is the greatest common factor of 22796 and 50020?
164
Calculate the greatest common divisor of 492 and 93316.
164
What is the greatest common factor of 3500 and 265000?
500
Calculate the highest common divisor of 10 and 959230.
10
What is the highest common divisor of 529672 and 13?
13
Calculate the greatest common divisor of 36 and 832.
4
Calculate the greatest common divisor of 54 and 155835.
9
Calculate the highest common factor of 23 and 1495.
23
What is the greatest common divisor of 15 and 6415?
5
What is the highest common factor of 165 and 7062?
33
Calculate the greatest common divisor of 55 and 6920.
5
Calculate the highest common factor of 81 and 19420965.
81
What is the highest common divisor of 495 and 12195?
45
Calculate the greatest common factor of 11232 and 3618.
54
Calculate the greatest common factor of 30 and 496320.
30
Calculate the greatest common divisor of 66 and 87054.
66
Calculate the highest common factor of 98034 and 30.
6
What is the highest common factor of 22 and 55781?
11
Calculate the greatest common factor of 3732 and 162.
6
Calculate the greatest common factor of 52 and 102154.
26
Calculate the highest common factor of 1215729 and 27.
27
Calculate the highest common factor of 46 and 331982.
46
What is the highest common divisor of 1140 and 1157955?
285
Calculate the greatest common divisor of 60 and 109050.
30
Calculate the greatest common factor of 1998 and 2072.
74
Calculate the highest common factor of 1025748 and 180.
36
Calculate the greatest common